{"id":23631,"date":"2022-06-20T10:31:01","date_gmt":"2022-06-20T10:31:01","guid":{"rendered":"https:\/\/www.sistemirrigazione.it\/newsite_24\/?page_id=140"},"modified":"2024-12-18T09:11:15","modified_gmt":"2024-12-18T09:11:15","slug":"about-2","status":"publish","type":"page","link":"https:\/\/www.sistemirrigazione.it\/newsite_24\/about-2\/","title":{"rendered":"Chi siamo"},"content":{"rendered":"<h6>ABOUT US<\/h6>\n<h1><font color=\"#b9cf3a\">QUARANT&#8217;ANNI<\/font><br \/>DI IRRIGAZIONE<\/h1>\n<figure><img decoding=\"async\" src=\"https:\/\/www.sistemirrigazione.it\/newsite_24\/wp-content\/uploads\/2022\/06\/furniturestore-sep2-1.svg\" title=\"\" alt=\"\" loading=\"lazy\" \/><\/figure>\n<h5>Quarant&#8217;anni di esperienza, innovazione e passione per l\u2019agricoltura. Pan Agri S.r.l. rappresenta un\u2019evoluzione continua nel settore dell\u2019irrigazione, affondando le sue radici negli anni &#8217;70. <\/h5>\n<p>\t\t\t\t\t\t\t\t\t\t\t\t\t\t\t<img loading=\"lazy\" decoding=\"async\" width=\"780\" height=\"696\" src=\"https:\/\/www.sistemirrigazione.it\/newsite_24\/wp-content\/uploads\/2024\/12\/about2.png\" alt=\"\" srcset=\"https:\/\/www.sistemirrigazione.it\/newsite_24\/wp-content\/uploads\/2024\/12\/about2.png 780w, https:\/\/www.sistemirrigazione.it\/newsite_24\/wp-content\/uploads\/2024\/12\/about2-500x446.png 500w, https:\/\/www.sistemirrigazione.it\/newsite_24\/wp-content\/uploads\/2024\/12\/about2-300x268.png 300w, https:\/\/www.sistemirrigazione.it\/newsite_24\/wp-content\/uploads\/2024\/12\/about2-768x685.png 768w, https:\/\/www.sistemirrigazione.it\/newsite_24\/wp-content\/uploads\/2024\/12\/about2-84x75.png 84w, https:\/\/www.sistemirrigazione.it\/newsite_24\/wp-content\/uploads\/2024\/12\/about2-480x428.png 480w\" sizes=\"auto, (max-width:767px) 480px, (max-width:780px) 100vw, 780px\" \/><br \/>\n\t\t\t\t\t\t\t\t\t\t\t\t\t\t\t<img loading=\"lazy\" decoding=\"async\" width=\"780\" height=\"513\" src=\"https:\/\/www.sistemirrigazione.it\/newsite_24\/wp-content\/uploads\/2024\/12\/about1.png\" alt=\"\" srcset=\"https:\/\/www.sistemirrigazione.it\/newsite_24\/wp-content\/uploads\/2024\/12\/about1.png 780w, https:\/\/www.sistemirrigazione.it\/newsite_24\/wp-content\/uploads\/2024\/12\/about1-500x329.png 500w, https:\/\/www.sistemirrigazione.it\/newsite_24\/wp-content\/uploads\/2024\/12\/about1-300x197.png 300w, https:\/\/www.sistemirrigazione.it\/newsite_24\/wp-content\/uploads\/2024\/12\/about1-768x505.png 768w, https:\/\/www.sistemirrigazione.it\/newsite_24\/wp-content\/uploads\/2024\/12\/about1-114x75.png 114w, https:\/\/www.sistemirrigazione.it\/newsite_24\/wp-content\/uploads\/2024\/12\/about1-480x316.png 480w\" sizes=\"auto, (max-width:767px) 480px, (max-width:780px) 100vw, 780px\" \/>\t\t\t\t\t\t\t\t\t\t\t\t\t\t\t<\/p>\n<h2>COMPETENZA E INNOVAZIONE<\/h2>\n<p>La nostra \u00e8 una storia fatta di intuizioni brillanti, impegno costante e un profondo legame con il territorio e le sue risorse<\/p>\n<p>Tutto ebbe inizio con Cosimo Grieco, che colse le opportunit\u00e0 offerte dallo sviluppo agricolo della fascia costiera jonica e decise di supportare gli agricoltori con soluzioni tecniche innovative. Da questa visione nacque la ditta GRIECO COSIMO, un riferimento per la vendita e l\u2019installazione di impianti di irrigazione.<\/p>\n<p>Spinto dalla passione e dalla consapevolezza delle sfide idriche, Cosimo Grieco inizi\u00f2 a progettare soluzioni avanzate per migliorare la gestione delle risorse idriche. Dai sistemi di irrigazione di precisione alle tecnologie per il recupero dell\u2019acqua, l\u2019azienda ha sempre avuto un obiettivo chiaro: <b>ottimizzare l\u2019uso delle risorse naturali e promuovere una gestione agricola sostenibile.<\/b><\/p>\n<p>\u00a0<\/p>\n<p>\t\t\t\t\t\t\t\t\t\t\t\t\t\t\t<img loading=\"lazy\" decoding=\"async\" width=\"780\" height=\"1029\" src=\"https:\/\/www.sistemirrigazione.it\/newsite_24\/wp-content\/uploads\/2024\/12\/about.png\" alt=\"\" srcset=\"https:\/\/www.sistemirrigazione.it\/newsite_24\/wp-content\/uploads\/2024\/12\/about.png 780w, https:\/\/www.sistemirrigazione.it\/newsite_24\/wp-content\/uploads\/2024\/12\/about-379x500.png 379w, https:\/\/www.sistemirrigazione.it\/newsite_24\/wp-content\/uploads\/2024\/12\/about-227x300.png 227w, https:\/\/www.sistemirrigazione.it\/newsite_24\/wp-content\/uploads\/2024\/12\/about-768x1013.png 768w, https:\/\/www.sistemirrigazione.it\/newsite_24\/wp-content\/uploads\/2024\/12\/about-57x75.png 57w, https:\/\/www.sistemirrigazione.it\/newsite_24\/wp-content\/uploads\/2024\/12\/about-480x633.png 480w\" sizes=\"auto, (max-width:767px) 480px, (max-width:780px) 100vw, 780px\" \/>\t\t\t\t\t\t\t\t\t\t\t\t\t\t\t<\/p>\n<p>Negli anni successivi, la GRIECO COSIMO amplia le sue attivit\u00e0 dedicandosi alla realizzazione di tunnel e serre per la copertura delle colture ortofrutticole. La crescita aziendale porta a una riorganizzazione interna, con la separazione del settore degli impianti di irrigazione da quello dedicato alla costruzione delle strutture. \u00c8 in questo contesto che, nel 2000, nasce a Scanzano Jonico la Pan Agri S.r.l., fondata da Bernardo Grieco.<\/p>\n<p>Forte di un\u2019esperienza pluridecennale, Pan Agri S.r.l. avvia un percorso di costante innovazione, progettando e sviluppando soluzioni tecnologiche avanzate che semplificano le attivit\u00e0 dei propri clienti. Grazie a questa visione, l\u2019azienda si afferma come uno dei principali attori del settore irriguo e dello sviluppo tecnologico correlato. Nel 2005, Pan Agri S.r.l. istituisce la divisione Pan Agri Tech, dedicata alla progettazione e produzione di soluzioni hardware e software per l\u2019automazione dei sistemi di irrigazione e per applicazioni di automazione avanzata.<\/p>\n<p>\t\t\t\t\t\t\t\t\t\t\t\t\t\t\t<img loading=\"lazy\" decoding=\"async\" width=\"213\" height=\"195\" src=\"https:\/\/www.sistemirrigazione.it\/newsite_24\/wp-content\/uploads\/2024\/12\/nuvoletta.png\" alt=\"\" srcset=\"https:\/\/www.sistemirrigazione.it\/newsite_24\/wp-content\/uploads\/2024\/12\/nuvoletta.png 213w, https:\/\/www.sistemirrigazione.it\/newsite_24\/wp-content\/uploads\/2024\/12\/nuvoletta-82x75.png 82w\" sizes=\"auto, (max-width:767px) 213px, 213px\" \/>\t\t\t\t\t\t\t\t\t\t\t\t\t\t\t<\/p>\n<p>L\u2019evoluzione di un\u2019azienda si misura nella capacit\u00e0 di anticipare le esigenze del mercato e di trasformare le sfide in opportunit\u00e0. \u00c8 con questa filosofia che Pan Agri S.r.l. ha costruito la sua storia, affiancando alla tradizione un approccio orientato al futuro e all\u2019innovazione tecnologica.<\/p>\n","protected":false},"excerpt":{"rendered":"<p>ABOUT US QUARANT&#8217;ANNIDI IRRIGAZIONE Quarant&#8217;anni di esperienza, innovazione e passione per l\u2019agricoltura. Pan Agri S.r.l. rappresenta un\u2019evoluzione continua nel settore dell\u2019irrigazione, affondando le sue radici negli<span class=\"excerpt-hellip\"> [\u2026]<\/span><\/p>\n","protected":false},"author":570,"featured_media":0,"parent":0,"menu_order":0,"comment_status":"open","ping_status":"closed","template":"","meta":{"footnotes":""},"class_list":["post-23631","page","type-page","status-publish","hentry"],"_links":{"self":[{"href":"https:\/\/www.sistemirrigazione.it\/newsite_24\/wp-json\/wp\/v2\/pages\/23631","targetHints":{"allow":["GET"]}}],"collection":[{"href":"https:\/\/www.sistemirrigazione.it\/newsite_24\/wp-json\/wp\/v2\/pages"}],"about":[{"href":"https:\/\/www.sistemirrigazione.it\/newsite_24\/wp-json\/wp\/v2\/types\/page"}],"author":[{"embeddable":true,"href":"https:\/\/www.sistemirrigazione.it\/newsite_24\/wp-json\/wp\/v2\/users\/570"}],"replies":[{"embeddable":true,"href":"https:\/\/www.sistemirrigazione.it\/newsite_24\/wp-json\/wp\/v2\/comments?post=23631"}],"version-history":[{"count":48,"href":"https:\/\/www.sistemirrigazione.it\/newsite_24\/wp-json\/wp\/v2\/pages\/23631\/revisions"}],"predecessor-version":[{"id":24200,"href":"https:\/\/www.sistemirrigazione.it\/newsite_24\/wp-json\/wp\/v2\/pages\/23631\/revisions\/24200"}],"wp:attachment":[{"href":"https:\/\/www.sistemirrigazione.it\/newsite_24\/wp-json\/wp\/v2\/media?parent=23631"}],"curies":[{"name":"wp","href":"https:\/\/api.w.org\/{rel}","templated":true}]}}